{"id":976,"date":"2025-07-18T15:37:19","date_gmt":"2025-07-18T15:37:19","guid":{"rendered":"https:\/\/iamarif.com\/demo\/energie\/?post_type=project&#038;p=976"},"modified":"2025-07-29T16:07:06","modified_gmt":"2025-07-29T16:07:06","slug":"solarstadt-weil-am-rhein-9","status":"publish","type":"project","link":"https:\/\/iamarif.com\/demo\/energie\/project\/solarstadt-weil-am-rhein-9\/","title":{"rendered":"60er Jahre Wohnanlage senkt Energiebedarf auf Neubau-Standard"},"content":{"rendered":"\n<p>Die Wohnanlage wurde umfassend modernisiert, um den Energiebedarf deutlich zu senken und nachhaltiger zu wirtschaften. Durch den Einsatz moderner W\u00e4rmepumpentechnik und einer optimierten Geb\u00e4udeleittechnik konnte die Effizienz der W\u00e4rmeversorgung erheblich gesteigert und der Verbrauch fossiler Energien reduziert werden. Zus\u00e4tzliche Ma\u00dfnahmen wie eine verbesserte W\u00e4rmed\u00e4mmung und optimierte Regelungstechnik sorgen f\u00fcr hohen Wohnkomfort und niedrigere Betriebskosten.<\/p>\n\n\n\n<figure class=\"wp-block-image size-large\"><img fetchpriority=\"high\" decoding=\"async\" width=\"1024\" height=\"578\" src=\"https:\/\/iamarif.com\/demo\/energie\/wp-content\/uploads\/2025\/07\/Ekran-Resmi-2025-07-29-19.03.04-1024x578.png\" alt=\"\" class=\"wp-image-1489\" srcset=\"https:\/\/iamarif.com\/demo\/energie\/wp-content\/uploads\/2025\/07\/Ekran-Resmi-2025-07-29-19.03.04-1024x578.png 1024w, https:\/\/iamarif.com\/demo\/energie\/wp-content\/uploads\/2025\/07\/Ekran-Resmi-2025-07-29-19.03.04-300x169.png 300w, https:\/\/iamarif.com\/demo\/energie\/wp-content\/uploads\/2025\/07\/Ekran-Resmi-2025-07-29-19.03.04-768x433.png 768w, https:\/\/iamarif.com\/demo\/energie\/wp-content\/uploads\/2025\/07\/Ekran-Resmi-2025-07-29-19.03.04-1536x867.png 1536w, https:\/\/iamarif.com\/demo\/energie\/wp-content\/uploads\/2025\/07\/Ekran-Resmi-2025-07-29-19.03.04.png 1956w\" sizes=\"(max-width: 1024px) 100vw, 1024px\" \/><\/figure>\n\n\n\n<p>Die Wohnanlage wurde umfassend modernisiert, um den Energiebedarf deutlich zu senken und die Nachhaltigkeit des Geb\u00e4udebetriebs nachhaltig zu verbessern. Im Mittelpunkt des Projekts stand der Einsatz moderner W\u00e4rmepumpentechnik, die fossile Brennstoffe ersetzt und so einen umweltfreundlicheren und effizienteren Betrieb erm\u00f6glicht. Erg\u00e4nzend wurde eine optimierte Geb\u00e4udeleittechnik implementiert, die s\u00e4mtliche Heizungs- und Energiestr\u00f6me intelligent steuert und so f\u00fcr einen bedarfsgerechten, energiesparenden Betrieb sorgt.<\/p>\n\n\n\n<figure class=\"wp-block-image size-large\"><img decoding=\"async\" width=\"1024\" height=\"572\" src=\"https:\/\/iamarif.com\/demo\/energie\/wp-content\/uploads\/2025\/07\/Ekran-Resmi-2025-07-29-19.03.12-1024x572.png\" alt=\"\" class=\"wp-image-1490\" srcset=\"https:\/\/iamarif.com\/demo\/energie\/wp-content\/uploads\/2025\/07\/Ekran-Resmi-2025-07-29-19.03.12-1024x572.png 1024w, https:\/\/iamarif.com\/demo\/energie\/wp-content\/uploads\/2025\/07\/Ekran-Resmi-2025-07-29-19.03.12-300x167.png 300w, https:\/\/iamarif.com\/demo\/energie\/wp-content\/uploads\/2025\/07\/Ekran-Resmi-2025-07-29-19.03.12-768x429.png 768w, https:\/\/iamarif.com\/demo\/energie\/wp-content\/uploads\/2025\/07\/Ekran-Resmi-2025-07-29-19.03.12-1536x857.png 1536w, https:\/\/iamarif.com\/demo\/energie\/wp-content\/uploads\/2025\/07\/Ekran-Resmi-2025-07-29-19.03.12.png 1960w\" sizes=\"(max-width: 1024px) 100vw, 1024px\" \/><\/figure>\n\n\n\n<p>Dar\u00fcber hinaus wurden weitere Ma\u00dfnahmen wie eine verbesserte W\u00e4rmed\u00e4mmung und eine optimierte Regelungstechnik umgesetzt, um den Energieverbrauch weiter zu reduzieren und den Wohnkomfort f\u00fcr die Bewohner zu erh\u00f6hen. Dank dieser Modernisierungsma\u00dfnahmen konnte nicht nur der CO\u2082-Aussto\u00df der Wohnanlage erheblich gesenkt, sondern auch die Betriebskosten sp\u00fcrbar reduziert werden. Das Projekt zeigt eindrucksvoll, wie sich bestehende Geb\u00e4ude mit moderner Heiztechnik und intelligenten Steuerungssystemen zukunftsf\u00e4hig machen lassen.<\/p>\n\n\n\n<figure class=\"wp-block-image size-large\"><img decoding=\"async\" width=\"1024\" height=\"575\" src=\"https:\/\/iamarif.com\/demo\/energie\/wp-content\/uploads\/2025\/07\/Ekran-Resmi-2025-07-29-19.05.07-1024x575.png\" alt=\"\" class=\"wp-image-1491\" srcset=\"https:\/\/iamarif.com\/demo\/energie\/wp-content\/uploads\/2025\/07\/Ekran-Resmi-2025-07-29-19.05.07-1024x575.png 1024w, https:\/\/iamarif.com\/demo\/energie\/wp-content\/uploads\/2025\/07\/Ekran-Resmi-2025-07-29-19.05.07-300x169.png 300w, https:\/\/iamarif.com\/demo\/energie\/wp-content\/uploads\/2025\/07\/Ekran-Resmi-2025-07-29-19.05.07-768x431.png 768w, https:\/\/iamarif.com\/demo\/energie\/wp-content\/uploads\/2025\/07\/Ekran-Resmi-2025-07-29-19.05.07-1536x863.png 1536w, https:\/\/iamarif.com\/demo\/energie\/wp-content\/uploads\/2025\/07\/Ekran-Resmi-2025-07-29-19.05.07.png 1958w\" sizes=\"(max-width: 1024px) 100vw, 1024px\" \/><\/figure>\n\n\n\n<h2 class=\"wp-block-heading\"><br><\/h2>\n","protected":false},"excerpt":{"rendered":"<p>Die Wohnanlage wurde umfassend modernisiert, um den Energiebedarf deutlich zu senken und nachhaltiger zu wirtschaften. Durch den Einsatz moderner W\u00e4rmepumpentechnik und einer optimierten Geb\u00e4udeleittechnik konnte die Effizienz der W\u00e4rmeversorgung erheblich gesteigert und der Verbrauch fossiler Energien reduziert werden. Zus\u00e4tzliche Ma\u00dfnahmen wie eine verbesserte W\u00e4rmed\u00e4mmung und optimierte Regelungstechnik sorgen f\u00fcr hohen Wohnkomfort und niedrigere Betriebskosten.<\/p>\n","protected":false},"featured_media":1465,"template":"","meta":{"_acf_changed":false,"inline_featured_image":false},"class_list":["post-976","project","type-project","status-publish","has-post-thumbnail","hentry"],"acf":[],"_links":{"self":[{"href":"https:\/\/iamarif.com\/demo\/energie\/wp-json\/wp\/v2\/project\/976","targetHints":{"allow":["GET"]}}],"collection":[{"href":"https:\/\/iamarif.com\/demo\/energie\/wp-json\/wp\/v2\/project"}],"about":[{"href":"https:\/\/iamarif.com\/demo\/energie\/wp-json\/wp\/v2\/types\/project"}],"version-history":[{"count":6,"href":"https:\/\/iamarif.com\/demo\/energie\/wp-json\/wp\/v2\/project\/976\/revisions"}],"predecessor-version":[{"id":1493,"href":"https:\/\/iamarif.com\/demo\/energie\/wp-json\/wp\/v2\/project\/976\/revisions\/1493"}],"wp:featuredmedia":[{"embeddable":true,"href":"https:\/\/iamarif.com\/demo\/energie\/wp-json\/wp\/v2\/media\/1465"}],"wp:attachment":[{"href":"https:\/\/iamarif.com\/demo\/energie\/wp-json\/wp\/v2\/media?parent=976"}],"curies":[{"name":"wp","href":"https:\/\/api.w.org\/{rel}","templated":true}]}}

<p>Die Wohnanlage wurde umfassend modernisiert, um den Energiebedarf deutlich zu senken und nachhaltiger zu wirtschaften. Durch den Einsatz moderner Wärmepumpentechnik und einer optimierten Gebäudeleittechnik konnte die Effizienz der Wärmeversorgung erheblich gesteigert und der Verbrauch fossiler Energien reduziert werden. Zusätzliche Maßnahmen wie eine verbesserte Wärmedämmung und optimierte Regelungstechnik sorgen für hohen Wohnkomfort und niedrigere Betriebskosten.</p>



<figure class="wp-block-image size-large"><img fetchpriority="high" decoding="async" width="1024" height="578" src="https://iamarif.com/demo/energie/wp-content/uploads/2025/07/Ekran-Resmi-2025-07-29-19.03.04-1024x578.png" alt="" class="wp-image-1489" srcset="https://iamarif.com/demo/energie/wp-content/uploads/2025/07/Ekran-Resmi-2025-07-29-19.03.04-1024x578.png 1024w, https://iamarif.com/demo/energie/wp-content/uploads/2025/07/Ekran-Resmi-2025-07-29-19.03.04-300x169.png 300w, https://iamarif.com/demo/energie/wp-content/uploads/2025/07/Ekran-Resmi-2025-07-29-19.03.04-768x433.png 768w, https://iamarif.com/demo/energie/wp-content/uploads/2025/07/Ekran-Resmi-2025-07-29-19.03.04-1536x867.png 1536w, https://iamarif.com/demo/energie/wp-content/uploads/2025/07/Ekran-Resmi-2025-07-29-19.03.04.png 1956w" sizes="(max-width: 1024px) 100vw, 1024px" /></figure>



<p>Die Wohnanlage wurde umfassend modernisiert, um den Energiebedarf deutlich zu senken und die Nachhaltigkeit des Gebäudebetriebs nachhaltig zu verbessern. Im Mittelpunkt des Projekts stand der Einsatz moderner Wärmepumpentechnik, die fossile Brennstoffe ersetzt und so einen umweltfreundlicheren und effizienteren Betrieb ermöglicht. Ergänzend wurde eine optimierte Gebäudeleittechnik implementiert, die sämtliche Heizungs- und Energieströme intelligent steuert und so für einen bedarfsgerechten, energiesparenden Betrieb sorgt.</p>



<figure class="wp-block-image size-large"><img decoding="async" width="1024" height="572" src="https://iamarif.com/demo/energie/wp-content/uploads/2025/07/Ekran-Resmi-2025-07-29-19.03.12-1024x572.png" alt="" class="wp-image-1490" srcset="https://iamarif.com/demo/energie/wp-content/uploads/2025/07/Ekran-Resmi-2025-07-29-19.03.12-1024x572.png 1024w, https://iamarif.com/demo/energie/wp-content/uploads/2025/07/Ekran-Resmi-2025-07-29-19.03.12-300x167.png 300w, https://iamarif.com/demo/energie/wp-content/uploads/2025/07/Ekran-Resmi-2025-07-29-19.03.12-768x429.png 768w, https://iamarif.com/demo/energie/wp-content/uploads/2025/07/Ekran-Resmi-2025-07-29-19.03.12-1536x857.png 1536w, https://iamarif.com/demo/energie/wp-content/uploads/2025/07/Ekran-Resmi-2025-07-29-19.03.12.png 1960w" sizes="(max-width: 1024px) 100vw, 1024px" /></figure>



<p>Darüber hinaus wurden weitere Maßnahmen wie eine verbesserte Wärmedämmung und eine optimierte Regelungstechnik umgesetzt, um den Energieverbrauch weiter zu reduzieren und den Wohnkomfort für die Bewohner zu erhöhen. Dank dieser Modernisierungsmaßnahmen konnte nicht nur der CO₂-Ausstoß der Wohnanlage erheblich gesenkt, sondern auch die Betriebskosten spürbar reduziert werden. Das Projekt zeigt eindrucksvoll, wie sich bestehende Gebäude mit moderner Heiztechnik und intelligenten Steuerungssystemen zukunftsfähig machen lassen.</p>



<figure class="wp-block-image size-large"><img decoding="async" width="1024" height="575" src="https://iamarif.com/demo/energie/wp-content/uploads/2025/07/Ekran-Resmi-2025-07-29-19.05.07-1024x575.png" alt="" class="wp-image-1491" srcset="https://iamarif.com/demo/energie/wp-content/uploads/2025/07/Ekran-Resmi-2025-07-29-19.05.07-1024x575.png 1024w, https://iamarif.com/demo/energie/wp-content/uploads/2025/07/Ekran-Resmi-2025-07-29-19.05.07-300x169.png 300w, https://iamarif.com/demo/energie/wp-content/uploads/2025/07/Ekran-Resmi-2025-07-29-19.05.07-768x431.png 768w, https://iamarif.com/demo/energie/wp-content/uploads/2025/07/Ekran-Resmi-2025-07-29-19.05.07-1536x863.png 1536w, https://iamarif.com/demo/energie/wp-content/uploads/2025/07/Ekran-Resmi-2025-07-29-19.05.07.png 1958w" sizes="(max-width: 1024px) 100vw, 1024px" /></figure>



<h2 class="wp-block-heading"><br></h2>

<p>Die Wohnanlage wurde umfassend modernisiert, um den Energiebedarf deutlich zu senken und nachhaltiger zu wirtschaften. Durch den Einsatz moderner Wärmepumpentechnik und einer optimierten Gebäudeleittechnik konnte die Effizienz der Wärmeversorgung erheblich gesteigert und der Verbrauch fossiler Energien reduziert werden. Zusätzliche Maßnahmen wie eine verbesserte Wärmedämmung und optimierte Regelungstechnik sorgen für hohen Wohnkomfort und niedrigere Betriebskosten.</p>
