{"id":1479,"date":"2025-07-29T15:46:24","date_gmt":"2025-07-29T15:46:24","guid":{"rendered":"https:\/\/iamarif.com\/demo\/energie\/?post_type=project&#038;p=1479"},"modified":"2025-07-29T15:54:21","modified_gmt":"2025-07-29T15:54:21","slug":"haus-der-zukunft-in-nagold","status":"publish","type":"project","link":"https:\/\/iamarif.com\/demo\/energie\/project\/haus-der-zukunft-in-nagold\/","title":{"rendered":"Haus der Zukunft in Nagold"},"content":{"rendered":"\n<p><\/p>\n\n\n\n<p>Im \u201eHaus der Zukunft\u201c wurde ein umfassendes Energiekonzept umgesetzt. EinePhotovoltaikanlage erzeugt umweltfreundlichen Strom direkt vor Ort und speist diesen in ein Stromspeichersystem ein, um den Eigenverbrauch zu maximieren. Eine W\u00e4rmepumpe sorgt sowohl f\u00fcr effiziente W\u00e4rme als auch K\u00fchlung der Wohneinheiten. Erg\u00e4nzt wird das System durch eine Smart-Home-Steuerung, mit der sich Heizung, L\u00fcftung und Stromverbrauch intelligent und komfortabel steuernlassen. So entsteht ein hocheffizientes Zusammenspiel aus erneuerbaren Energien und moderner Geb\u00e4udetechnik.<\/p>\n\n\n\n<figure class=\"wp-block-image size-full\"><img fetchpriority=\"high\" decoding=\"async\" width=\"2358\" height=\"1556\" src=\"https:\/\/iamarif.com\/demo\/energie\/wp-content\/uploads\/2025\/07\/Ekran-Resmi-2025-07-29-18.43.02.png\" alt=\"\" class=\"wp-image-1481\" srcset=\"https:\/\/iamarif.com\/demo\/energie\/wp-content\/uploads\/2025\/07\/Ekran-Resmi-2025-07-29-18.43.02.png 2358w, https:\/\/iamarif.com\/demo\/energie\/wp-content\/uploads\/2025\/07\/Ekran-Resmi-2025-07-29-18.43.02-300x198.png 300w, https:\/\/iamarif.com\/demo\/energie\/wp-content\/uploads\/2025\/07\/Ekran-Resmi-2025-07-29-18.43.02-1024x676.png 1024w, https:\/\/iamarif.com\/demo\/energie\/wp-content\/uploads\/2025\/07\/Ekran-Resmi-2025-07-29-18.43.02-768x507.png 768w, https:\/\/iamarif.com\/demo\/energie\/wp-content\/uploads\/2025\/07\/Ekran-Resmi-2025-07-29-18.43.02-1536x1014.png 1536w, https:\/\/iamarif.com\/demo\/energie\/wp-content\/uploads\/2025\/07\/Ekran-Resmi-2025-07-29-18.43.02-2048x1351.png 2048w\" sizes=\"(max-width: 2358px) 100vw, 2358px\" \/><\/figure>\n\n\n\n<p>Die im \u201eHaus der Zukunft\u201c installierte Photovoltaikanlage spielt eine zentrale Rolle im Energiekonzept. Sie erzeugt umweltfreundlichen Strom direkt auf dem Dach des Geb\u00e4udes und deckt so einen gro\u00dfen Teil des Eigenbedarfs. In Kombination mit einem Stromspeicher wird der erzeugte Solarstrom optimal genutzt und der Bezug von Netzstrom deutlich reduziert. Diese L\u00f6sung tr\u00e4gt nicht nur zur Kostensenkung f\u00fcr die Bewohner bei, sondern macht das Geb\u00e4ude zugleich unabh\u00e4ngiger von steigenden Energiepreisen und unterst\u00fctzt den \u00dcbergang zu einer nachhaltigen Energieversorgung.<\/p>\n\n\n\n<figure class=\"wp-block-image size-full\"><img decoding=\"async\" width=\"2332\" height=\"1558\" src=\"https:\/\/iamarif.com\/demo\/energie\/wp-content\/uploads\/2025\/07\/Ekran-Resmi-2025-07-29-18.44.18.png\" alt=\"\" class=\"wp-image-1482\" srcset=\"https:\/\/iamarif.com\/demo\/energie\/wp-content\/uploads\/2025\/07\/Ekran-Resmi-2025-07-29-18.44.18.png 2332w, https:\/\/iamarif.com\/demo\/energie\/wp-content\/uploads\/2025\/07\/Ekran-Resmi-2025-07-29-18.44.18-300x200.png 300w, https:\/\/iamarif.com\/demo\/energie\/wp-content\/uploads\/2025\/07\/Ekran-Resmi-2025-07-29-18.44.18-1024x684.png 1024w, https:\/\/iamarif.com\/demo\/energie\/wp-content\/uploads\/2025\/07\/Ekran-Resmi-2025-07-29-18.44.18-768x513.png 768w, https:\/\/iamarif.com\/demo\/energie\/wp-content\/uploads\/2025\/07\/Ekran-Resmi-2025-07-29-18.44.18-1536x1026.png 1536w, https:\/\/iamarif.com\/demo\/energie\/wp-content\/uploads\/2025\/07\/Ekran-Resmi-2025-07-29-18.44.18-2048x1368.png 2048w\" sizes=\"(max-width: 2332px) 100vw, 2332px\" \/><\/figure>\n\n\n\n<p><\/p>\n","protected":false},"excerpt":{"rendered":"<p>Das &#8220;Haus der Zukunft&#8221; steht in Nagold \u2013 ein energieautarkes Mehrfamilienhaus, das effektiv Erdw\u00e4rme und Sonnenenergie nutzt. Geothermie in Kombination mit einer W\u00e4rmepumpe heizt und k\u00fchlt die sechs Wohnungen.<\/p>\n","protected":false},"featured_media":1480,"template":"","meta":{"_acf_changed":false,"inline_featured_image":false},"class_list":["post-1479","project","type-project","status-publish","has-post-thumbnail","hentry"],"acf":[],"_links":{"self":[{"href":"https:\/\/iamarif.com\/demo\/energie\/wp-json\/wp\/v2\/project\/1479","targetHints":{"allow":["GET"]}}],"collection":[{"href":"https:\/\/iamarif.com\/demo\/energie\/wp-json\/wp\/v2\/project"}],"about":[{"href":"https:\/\/iamarif.com\/demo\/energie\/wp-json\/wp\/v2\/types\/project"}],"version-history":[{"count":3,"href":"https:\/\/iamarif.com\/demo\/energie\/wp-json\/wp\/v2\/project\/1479\/revisions"}],"predecessor-version":[{"id":1485,"href":"https:\/\/iamarif.com\/demo\/energie\/wp-json\/wp\/v2\/project\/1479\/revisions\/1485"}],"wp:featuredmedia":[{"embeddable":true,"href":"https:\/\/iamarif.com\/demo\/energie\/wp-json\/wp\/v2\/media\/1480"}],"wp:attachment":[{"href":"https:\/\/iamarif.com\/demo\/energie\/wp-json\/wp\/v2\/media?parent=1479"}],"curies":[{"name":"wp","href":"https:\/\/api.w.org\/{rel}","templated":true}]}}

<p></p>



<p>Im „Haus der Zukunft“ wurde ein umfassendes Energiekonzept umgesetzt. EinePhotovoltaikanlage erzeugt umweltfreundlichen Strom direkt vor Ort und speist diesen in ein Stromspeichersystem ein, um den Eigenverbrauch zu maximieren. Eine Wärmepumpe sorgt sowohl für effiziente Wärme als auch Kühlung der Wohneinheiten. Ergänzt wird das System durch eine Smart-Home-Steuerung, mit der sich Heizung, Lüftung und Stromverbrauch intelligent und komfortabel steuernlassen. So entsteht ein hocheffizientes Zusammenspiel aus erneuerbaren Energien und moderner Gebäudetechnik.</p>



<figure class="wp-block-image size-full"><img fetchpriority="high" decoding="async" width="2358" height="1556" src="https://iamarif.com/demo/energie/wp-content/uploads/2025/07/Ekran-Resmi-2025-07-29-18.43.02.png" alt="" class="wp-image-1481" srcset="https://iamarif.com/demo/energie/wp-content/uploads/2025/07/Ekran-Resmi-2025-07-29-18.43.02.png 2358w, https://iamarif.com/demo/energie/wp-content/uploads/2025/07/Ekran-Resmi-2025-07-29-18.43.02-300x198.png 300w, https://iamarif.com/demo/energie/wp-content/uploads/2025/07/Ekran-Resmi-2025-07-29-18.43.02-1024x676.png 1024w, https://iamarif.com/demo/energie/wp-content/uploads/2025/07/Ekran-Resmi-2025-07-29-18.43.02-768x507.png 768w, https://iamarif.com/demo/energie/wp-content/uploads/2025/07/Ekran-Resmi-2025-07-29-18.43.02-1536x1014.png 1536w, https://iamarif.com/demo/energie/wp-content/uploads/2025/07/Ekran-Resmi-2025-07-29-18.43.02-2048x1351.png 2048w" sizes="(max-width: 2358px) 100vw, 2358px" /></figure>



<p>Die im „Haus der Zukunft“ installierte Photovoltaikanlage spielt eine zentrale Rolle im Energiekonzept. Sie erzeugt umweltfreundlichen Strom direkt auf dem Dach des Gebäudes und deckt so einen großen Teil des Eigenbedarfs. In Kombination mit einem Stromspeicher wird der erzeugte Solarstrom optimal genutzt und der Bezug von Netzstrom deutlich reduziert. Diese Lösung trägt nicht nur zur Kostensenkung für die Bewohner bei, sondern macht das Gebäude zugleich unabhängiger von steigenden Energiepreisen und unterstützt den Übergang zu einer nachhaltigen Energieversorgung.</p>



<figure class="wp-block-image size-full"><img decoding="async" width="2332" height="1558" src="https://iamarif.com/demo/energie/wp-content/uploads/2025/07/Ekran-Resmi-2025-07-29-18.44.18.png" alt="" class="wp-image-1482" srcset="https://iamarif.com/demo/energie/wp-content/uploads/2025/07/Ekran-Resmi-2025-07-29-18.44.18.png 2332w, https://iamarif.com/demo/energie/wp-content/uploads/2025/07/Ekran-Resmi-2025-07-29-18.44.18-300x200.png 300w, https://iamarif.com/demo/energie/wp-content/uploads/2025/07/Ekran-Resmi-2025-07-29-18.44.18-1024x684.png 1024w, https://iamarif.com/demo/energie/wp-content/uploads/2025/07/Ekran-Resmi-2025-07-29-18.44.18-768x513.png 768w, https://iamarif.com/demo/energie/wp-content/uploads/2025/07/Ekran-Resmi-2025-07-29-18.44.18-1536x1026.png 1536w, https://iamarif.com/demo/energie/wp-content/uploads/2025/07/Ekran-Resmi-2025-07-29-18.44.18-2048x1368.png 2048w" sizes="(max-width: 2332px) 100vw, 2332px" /></figure>



<p></p>

<p>Das &#8220;Haus der Zukunft&#8221; steht in Nagold – ein energieautarkes Mehrfamilienhaus, das effektiv Erdwärme und Sonnenenergie nutzt. Geothermie in Kombination mit einer Wärmepumpe heizt und kühlt die sechs Wohnungen.</p>
