{"id":1475,"date":"2025-07-29T15:39:37","date_gmt":"2025-07-29T15:39:37","guid":{"rendered":"https:\/\/iamarif.com\/demo\/energie\/?post_type=project&#038;p=1475"},"modified":"2025-07-29T15:58:12","modified_gmt":"2025-07-29T15:58:12","slug":"mehrfamilienhaus-in-westendorf-in-tirol","status":"publish","type":"project","link":"https:\/\/iamarif.com\/demo\/energie\/project\/mehrfamilienhaus-in-westendorf-in-tirol\/","title":{"rendered":"Referenz 1901: Mehrfamilienhaus in Westendorf in Tirol"},"content":{"rendered":"\n<p>Eine der ersten Feldtestger\u00e4te befindet sich in Westendorf in Tirol. Bei dem Bauernhaus mit einer Wohnfl\u00e4che von insgesamt 450m\u00b2 und 5 Wohneinheiten wurde der \u00d6lkessel gegen eine EU13L Luft-Wasser W\u00e4rmepumpen getauscht. Durch eine Photovoltaik Anlage in Kombination mit einem gro\u00dfen Pufferspeicher und hauseigenem Wasserkleinkraftwerk, kann ein Gro\u00dfteil der ben\u00f6tigten elektrischen Energie, selber erzeugt werden.<\/p>\n\n\n\n<h2 class=\"wp-block-heading\">Installierte Technik<\/h2>\n\n\n\n<p>Das Geb\u00e4ude ist mit einem umfassenden Photovoltaiksystem ausgestattet, das die Eigenstromversorgung sicherstellt. Erg\u00e4nzt wird dies durch Speicherl\u00f6sungen, die den Eigenverbrauch optimieren und die Abh\u00e4ngigkeit vom \u00f6ffentlichen Stromnetz reduzieren.Zudem kommt ein modernes Heizsystem zum Einsatz, das auf hohe Effizienz und gering Betriebskosten ausgelegt ist.<\/p>\n\n\n\n<figure class=\"wp-block-image size-large\"><img fetchpriority=\"high\" decoding=\"async\" width=\"1024\" height=\"768\" src=\"https:\/\/iamarif.com\/demo\/energie\/wp-content\/uploads\/2025\/07\/Feldtest1-scaled-1-1024x768.jpg\" alt=\"\" class=\"wp-image-1476\" srcset=\"https:\/\/iamarif.com\/demo\/energie\/wp-content\/uploads\/2025\/07\/Feldtest1-scaled-1-1024x768.jpg 1024w, https:\/\/iamarif.com\/demo\/energie\/wp-content\/uploads\/2025\/07\/Feldtest1-scaled-1-300x225.jpg 300w, https:\/\/iamarif.com\/demo\/energie\/wp-content\/uploads\/2025\/07\/Feldtest1-scaled-1-768x576.jpg 768w, https:\/\/iamarif.com\/demo\/energie\/wp-content\/uploads\/2025\/07\/Feldtest1-scaled-1-1536x1152.jpg 1536w, https:\/\/iamarif.com\/demo\/energie\/wp-content\/uploads\/2025\/07\/Feldtest1-scaled-1-2048x1536.jpg 2048w\" sizes=\"(max-width: 1024px) 100vw, 1024px\" \/><\/figure>\n\n\n\n<p>Die auf dem Dach installierte PV-Anlage liefert umweltfreundlichen Strom direkt vor Ort. In Kombination mit einem Speichersystem wird der erzeugte Solarstrom auch dann genutzt, wenn keine direkte Sonneneinstrahlung vorliegt. Dadurch sinken nicht nur die Energiekosten, sondern das Geb\u00e4ude wird unabh\u00e4ngiger von externen Energiequellen und tr\u00e4gt aktiv zur Reduzierung von CO\u2082-Emissionen bei.<\/p>\n","protected":false},"excerpt":{"rendered":"<p>Eine der ersten Feldtestger\u00e4te befindet sich in Westendorf in Tirol. Bei dem Bauernhaus mit einer Wohnfl\u00e4che von insgesamt 450m\u00b2 und 5 Wohneinheiten wurde der \u00d6lkessel gegen eine EU13L Luft-Wasser W\u00e4rmepumpen getauscht. Durch eine Photovoltaik Anlage in Kombination mit einem gro\u00dfen Pufferspeicher und hauseigenem Wasserkleinkraftwerk, kann ein Gro\u00dfteil der ben\u00f6tigten elektrischen Energie, selber erzeugt werden.<\/p>\n","protected":false},"featured_media":1476,"template":"","meta":{"_acf_changed":false,"inline_featured_image":false},"class_list":["post-1475","project","type-project","status-publish","has-post-thumbnail","hentry"],"acf":[],"_links":{"self":[{"href":"https:\/\/iamarif.com\/demo\/energie\/wp-json\/wp\/v2\/project\/1475","targetHints":{"allow":["GET"]}}],"collection":[{"href":"https:\/\/iamarif.com\/demo\/energie\/wp-json\/wp\/v2\/project"}],"about":[{"href":"https:\/\/iamarif.com\/demo\/energie\/wp-json\/wp\/v2\/types\/project"}],"version-history":[{"count":3,"href":"https:\/\/iamarif.com\/demo\/energie\/wp-json\/wp\/v2\/project\/1475\/revisions"}],"predecessor-version":[{"id":1487,"href":"https:\/\/iamarif.com\/demo\/energie\/wp-json\/wp\/v2\/project\/1475\/revisions\/1487"}],"wp:featuredmedia":[{"embeddable":true,"href":"https:\/\/iamarif.com\/demo\/energie\/wp-json\/wp\/v2\/media\/1476"}],"wp:attachment":[{"href":"https:\/\/iamarif.com\/demo\/energie\/wp-json\/wp\/v2\/media?parent=1475"}],"curies":[{"name":"wp","href":"https:\/\/api.w.org\/{rel}","templated":true}]}}

<p>Eine der ersten Feldtestgeräte befindet sich in Westendorf in Tirol. Bei dem Bauernhaus mit einer Wohnfläche von insgesamt 450m² und 5 Wohneinheiten wurde der Ölkessel gegen eine EU13L Luft-Wasser Wärmepumpen getauscht. Durch eine Photovoltaik Anlage in Kombination mit einem großen Pufferspeicher und hauseigenem Wasserkleinkraftwerk, kann ein Großteil der benötigten elektrischen Energie, selber erzeugt werden.</p>



<h2 class="wp-block-heading">Installierte Technik</h2>



<p>Das Gebäude ist mit einem umfassenden Photovoltaiksystem ausgestattet, das die Eigenstromversorgung sicherstellt. Ergänzt wird dies durch Speicherlösungen, die den Eigenverbrauch optimieren und die Abhängigkeit vom öffentlichen Stromnetz reduzieren.Zudem kommt ein modernes Heizsystem zum Einsatz, das auf hohe Effizienz und gering Betriebskosten ausgelegt ist.</p>



<figure class="wp-block-image size-large"><img fetchpriority="high" decoding="async" width="1024" height="768" src="https://iamarif.com/demo/energie/wp-content/uploads/2025/07/Feldtest1-scaled-1-1024x768.jpg" alt="" class="wp-image-1476" srcset="https://iamarif.com/demo/energie/wp-content/uploads/2025/07/Feldtest1-scaled-1-1024x768.jpg 1024w, https://iamarif.com/demo/energie/wp-content/uploads/2025/07/Feldtest1-scaled-1-300x225.jpg 300w, https://iamarif.com/demo/energie/wp-content/uploads/2025/07/Feldtest1-scaled-1-768x576.jpg 768w, https://iamarif.com/demo/energie/wp-content/uploads/2025/07/Feldtest1-scaled-1-1536x1152.jpg 1536w, https://iamarif.com/demo/energie/wp-content/uploads/2025/07/Feldtest1-scaled-1-2048x1536.jpg 2048w" sizes="(max-width: 1024px) 100vw, 1024px" /></figure>



<p>Die auf dem Dach installierte PV-Anlage liefert umweltfreundlichen Strom direkt vor Ort. In Kombination mit einem Speichersystem wird der erzeugte Solarstrom auch dann genutzt, wenn keine direkte Sonneneinstrahlung vorliegt. Dadurch sinken nicht nur die Energiekosten, sondern das Gebäude wird unabhängiger von externen Energiequellen und trägt aktiv zur Reduzierung von CO₂-Emissionen bei.</p>

<p>Eine der ersten Feldtestgeräte befindet sich in Westendorf in Tirol. Bei dem Bauernhaus mit einer Wohnfläche von insgesamt 450m² und 5 Wohneinheiten wurde der Ölkessel gegen eine EU13L Luft-Wasser Wärmepumpen getauscht. Durch eine Photovoltaik Anlage in Kombination mit einem großen Pufferspeicher und hauseigenem Wasserkleinkraftwerk, kann ein Großteil der benötigten elektrischen Energie, selber erzeugt werden.</p>
